{"id":643,"date":"2018-07-08T22:44:25","date_gmt":"2018-07-08T20:44:25","guid":{"rendered":"https:\/\/dolowy.com.pl\/?page_id=643"},"modified":"2018-11-01T14:27:34","modified_gmt":"2018-11-01T13:27:34","slug":"ozdoby","status":"publish","type":"page","link":"https:\/\/dolowy.com.pl\/?page_id=643","title":{"rendered":"Ozdoby"},"content":{"rendered":"<p style=\"text-align: center;\">Poni\u017csze zdj\u0119cia stanowi\u0105 jedynie przyk\u0142ad naszych mo\u017cliwo\u015bci. Na indywidualne zam\u00f3wienie mo\u017cemy wykona\u0107 ka\u017cdy kszta\u0142t w dowolnym kolorze oraz rozmiarze. W\u015br\u00f3d najpopularniejszych zastosowa\u0144 naszych ozd\u00f3b s\u0105 zawieszki na wody toaletowe, kokardy prezentowe, ozdoba kartonik\u00f3w perfumeryjnych oraz zestaw\u00f3w kosmetyk\u00f3w.<\/p>","protected":false},"excerpt":{"rendered":"<p>Poni\u017csze zdj\u0119cia stanowi\u0105 jedynie przyk\u0142ad naszych mo\u017cliwo\u015bci. Na indywidualne zam\u00f3wienie mo\u017cemy wykona\u0107 ka\u017cdy kszta\u0142t w dowolnym kolorze oraz rozmiarze. W\u015br\u00f3d najpopularniejszych zastosowa\u0144 naszych ozd\u00f3b s\u0105 zawieszki na wody toaletowe, kokardy prezentowe, ozdoba kartonik\u00f3w perfumeryjnych oraz zestaw\u00f3w kosmetyk\u00f3w.<\/p>\n","protected":false},"author":1,"featured_media":0,"parent":0,"menu_order":0,"comment_status":"closed","ping_status":"closed","template":"page-templates\/product-page.php","meta":{"footnotes":""},"_links":{"self":[{"href":"https:\/\/dolowy.com.pl\/index.php?rest_route=\/wp\/v2\/pages\/643"}],"collection":[{"href":"https:\/\/dolowy.com.pl\/index.php?rest_route=\/wp\/v2\/pages"}],"about":[{"href":"https:\/\/dolowy.com.pl\/index.php?rest_route=\/wp\/v2\/types\/page"}],"author":[{"embeddable":true,"href":"https:\/\/dolowy.com.pl\/index.php?rest_route=\/wp\/v2\/users\/1"}],"replies":[{"embeddable":true,"href":"https:\/\/dolowy.com.pl\/index.php?rest_route=%2Fwp%2Fv2%2Fcomments&post=643"}],"version-history":[{"count":2,"href":"https:\/\/dolowy.com.pl\/index.php?rest_route=\/wp\/v2\/pages\/643\/revisions"}],"predecessor-version":[{"id":829,"href":"https:\/\/dolowy.com.pl\/index.php?rest_route=\/wp\/v2\/pages\/643\/revisions\/829"}],"wp:attachment":[{"href":"https:\/\/dolowy.com.pl\/index.php?rest_route=%2Fwp%2Fv2%2Fmedia&parent=643"}],"curies":[{"name":"wp","href":"https:\/\/api.w.org\/{rel}","templated":true}]}}